ommon divisor of d and s.
27
Suppose -72*a + 82*a = 770. Calculate the greatest common factor of 56 and a.
7
Let n(x) = -x**2 + x + 54. Let f be n(0). Let o be -3 + (4 + -3 + -1 - -9). Calculate the greatest common factor of o and f.
6
Let c = 269 + -253. Calculate the highest common divisor of c and 5.
1
Suppose -i = 4*k - 2395, 13*k - 11*k - 1184 = 4*i. What is the greatest common divisor of 46 and k?
46
Let u = 242 - 172. What is the greatest common divisor of 14 and u?
14
Let g be (-17)/(6*6/54 - 104/120). Let x = -2 - -7. What is the greatest common divisor of g and x?
5
Let h(z) = 3*z**3 - z**2 + 1. Let k be h(1). Suppose 2*r = -k*l + r + 41, l - 32 = -4*r. What is the greatest common divisor of l and 96?
12
Let u be 96/9 - 1/(-3). Suppose 4*v - 486 = f, -2*f + 18 + 220 = 2*v. What is the highest common factor of v and u?
11
Suppose -1337*i - 1560 = -1343*i. Calculate the highest common divisor of 468 and i.
52
Suppose -36 = 3*i - 171. Calculate the highest common factor of 15 and i.
15
Let p(l) = l**3 + l**2 + l + 91. Let x be p(0). Let j be 19/19 + 0/1 + 1. Let r be 12 + j + 0 - (3 + -2). Calculate the highest common factor of x and r.
13
Let d(c) = -2*c**2 - 120*c + 9. Let f be d(-54). Calculate the highest common factor of 18 and f.
9
Let i(l) = 123*l + 30. Let y be i(1). What is the highest common factor of y and 119?
17
Let o be (-13 + 260/25)/(2/(-10)). Let n(s) = -13 - 4*s**2 - s**2 + 6*s**2 - 8*s. Let c be n(o). What is the highest common factor of 13 and c?
13
Let v(o) = -o**3 - 4*o**2 - 4*o - 4. Let p = 135 - 139. Let l be v(p). Calculate the highest common factor of l and 12.
12
Let k(u) = -u + 10. Let a be k(-9). Suppose 3*l + 760 = 13*l. What is the highest common divisor of l and a?
19
Let a(z) be the first derivative of z**2/2 + z + 7. Let t be a(3). Calculate the greatest common divisor of t and 4.
4
Suppose 0 = 2*u + 3*u + 4*l - 26, 3*u - 13 = -5*l. Suppose 3*j + 24 = 4*j. What is the greatest common divisor of j and u?
6
Suppose -6 = -m - 0. Let j = m - 7. Let v be (-2)/(j*6/45). What is the highest common divisor of v and 75?
15
Suppose -w + 4*s = -25, 0*s - 120 = -3*w + 3*s. Suppose 0 = -5*h + 5 + w. Suppose -3*d - 22 = -112. What is the highest common divisor of d and h?
10
Let b(y) = -5*y**3 + 9*y**2 + 11*y + 13. Let z be b(-3). What is the highest common factor of 56 and z?
28
Let d = 187 - 61. Calculate the highest common factor of 168 and d.
42
Let j = 5 + -10. Let p be 39/15 + (-2)/j. Suppose -160 = p*v - 8*v. What is the greatest common divisor of v and 4?
4
Let h(c) = -c**3 - 4*c**2 - 5*c + 1. Let z be h(-4). Let m = z - 4. Suppose 2*f - 25 - m = 0. Calculate the greatest common factor of 21 and f.
21
Let i = -604 + 874. Calculate the greatest common divisor of i and 54.
54
Let k = 395 + -388. Let j = 12 + 23. What is the highest common divisor of k and j?
7
Suppose 0 = 9*q + 26 + 46. Let f(o) = -7*o - 12. Let r be f(q). What is the greatest common divisor of 110 and r?
22
Let l be ((-300)/(-70))/(2/28). Let o(b) = b**2 + b + 26. Let q be o(0). Suppose a - 88 = -2*a - w, a + 2*w = q. What is the greatest common divisor of a and l?
30
Let o be (-15)/(-9) + (-360)/(-27). Let g(l) = l**3 - 7*l**2 - 8*l + 3. Let a be g(8). Calculate the greatest common factor of a and o.
3
Suppose 0 = 3*o + 3*u + 117, o + 49 = -0*o - 3*u. Let m = o + 39. Calculate the highest common divisor of m and 55.
5
Let l = 1137 + -1115. Calculate the highest common divisor of l and 319.
11
Let q = 61 - -38. Calculate the highest common divisor of q and 11.
11
Let m(y) = -y**3 - 7*y**2 + 5. Let h be m(-7). Let b = 8 - h. Suppose -b*i + 26 = -i. What is the highest common divisor of i and 91?
13
Let q be (-51)/17*124/(-12). Calculate the highest common divisor of q and 1147.
31
Suppose 3*t + 0*h - 65 = -h, 3*t - 61 = -5*h. Let u(g) = -2*g**3 + 31*g**2 + 25*g - 34. Let y be u(16). Calculate the highest common factor of y and t.
22
Let g be (-6 - 0) + 7 - (-2 - -1). Let s be 7/g*(30 - 12). What is the greatest common factor of s and 9?
9
Suppose 4*t = 3*p - 2 - 3, -43 = -5*p - 2*t. Calculate the highest common divisor of 7 and p.
7
Let y = -16 - -12. Let d be 150/5*(-2)/y. Let u(z) = -31*z**3 + z. Let x be u(-1). What is the highest common divisor of x and d?
15
Let n(t) = -t**3 + 7*t**2 + t + 3. Let y be 4/(-3)*(-32 + -1). Let z be 11/y + (-54)/(-8). Let j be n(z). What is the greatest common divisor of 70 and j?
10
Suppose -3*d = 3*m + 34 + 86, 15 = -3*d. Let y = 25 + m. Let b be y/3*(-27)/18. Calculate the highest common factor of b and 15.
5
Suppose 1303 - 9549 = -19*w. What is the greatest common divisor of 186 and w?
62
Let o(u) = 39*u - 420. Let d be o(24). What is the highest common divisor of d and 24?
12
Let v be 28/(-3)*306/(-119). Suppose -w + 9*w - v = 0. Calculate the greatest common factor of w and 33.
3
Suppose -107*u = -3*d - 103*u + 70, 0 = -5*d + 5*u + 125. Suppose 3*t + t = 80. What is the greatest common factor of t and d?
10
Let d be 82/6 + (-4)/6. What is the greatest common factor of 325 and d?
13
Let x be (-15392)/(-286) + 2/11. Calculate the greatest common divisor of x and 675.
27
Let o be (0 - -1) + 3 + -2. Suppose o = 2*d - 0. Let r be (d/(-2))/((-5)/180). What is the highest common divisor of 198 and r?
18
Suppose 5985 = 8*i - 7815. Calculate the highest common factor of i and 207.
69
Let i be (52/(-18)*6)/(4/30). Let v = -75 - i. Calculate the greatest common divisor of v and 5.
5
Let h(d) = d**2 + 5*d + 6. Let u be h(-4). Let g(q) = q + 2. Let z be g(u). Let w = -276 + 278. What is the greatest common factor of z and w?
2
Let l = -12 - -25. Suppose 0 = -p - w + 210, 0 = 5*p - 2*w - 0*w - 1036. What is the highest common factor of l and p?
13
Let x = 2872 - 2869. Let o be ((-2)/4)/(1/(-66)). Calculate the highest common factor of x and o.
3
Let g(w) = 3*w**2 - w - 2. Let y be g(-1). Suppose 10 = 2*s, 25 = -4*d - y*s + 91. Calculate the greatest common divisor of 42 and d.
14
Let d be (-9)/(-6)*40*2. What is the highest common factor of d and 160?
40
Let h be 2/(-7) - (-142)/7. Let b = 747 + -697. What is the highest common factor of b and h?
10
Suppose k - 101 = 2*g, k + 533 = 6*k - 3*g. Suppose -10 = c - k. Calculate the highest common factor of c and 11.
11
Let i = -571 + 305. Let f = i - -527. Let o(a) = -a**2 + 14*a - 11. Let p be o(10). Calculate the greatest common divisor of p and f.
29
Let h = 37 - 32. Suppose t = h*t - 12. Calculate the highest common divisor of 3 and t.
3
Let g be 126/(-28)*8/(-18). Let t(h) = 38*h - 6. Let l be t(g). What is the greatest common divisor of 35 and l?
35
Suppose -7*k = -2*h - 9*k + 118, 0 = h - 4*k - 39. Calculate the greatest common factor of 11 and h.
11
Let y be 24/(-6) + ((-3)/(-3) - 72). Let q be 24 - (y/30)/((-5)/4). Calculate the highest common divisor of 66 and q.
22
Suppose -5*p = -5*q - 215, 0 = 3*p - 6*q + 5*q - 123. What is the highest common divisor of p and 260?
20
Let s(i) = 2*i**2 + 12*i - 6. Let b be s(-7). What is the greatest common divisor of 36 and b?
4
Let n(d) = 5*d. Let z be n(4). Suppose 0*q - q + 8 = 0. Suppose 4 = 3*o - q. What is the highest common divisor of z and o?
4
Let u = 45 + -27. Let a be (-26)/(-6) + u/27. Calculate the highest common divisor of 25 and a.
5
Suppose 645 = 3*h - 135. Let c(v) = 4*v**2 + 11*v + 6. Let l be c(-4). Calculate the greatest common factor of h and l.
26
Suppose -2*s + s = -234. What is the greatest common factor of s and 156?
78
Let a be -10*(-3)/2 + 0. Suppose 0 = -48*i + 65 + 13 + 162. What is the highest common factor of a and i?
5
Let y(w) = 3*w - 42. Let q be y(22). Let a = q - 19. Suppose 0*p = 5*p - 25. What is the greatest common factor of p and a?
5
Suppose -3*w = -3*z - 228, -4*z + 380 = w + 4*w. Suppose 617 = -4*l - 4*l + 769. What is the highest common divisor of l and w?
19
Let i be ((-186)/42 - -4)/((-6)/1134). What is the greatest common divisor of 72 and i?
9
Suppose -3*c = -3*s + 1413, 0 = -3*s - 3*c + 1521 - 126. Calculate the highest common divisor of s and 108.
36
Let v be 18 + 0 - (-13 + 12 - 3). What is the greatest common divisor of v and 209?
11
Suppose -3*q + 318 = 3*l, 6*q = 7*q + 4*l - 118. What is the highest common factor of q and 119?
17
Suppose 12 = 4*d - 228. Suppose 7*v - 3